 units digit of v?
5
Suppose 4*k - 5*k + 224 = 0. What is the hundreds digit of k?
2
Let q = 1 - 2. Let g = -9 - q. What is the units digit of (-36)/g + (-2)/4?
4
Suppose -2*v + 3*v - 4*w - 16 = 0, 3*v - 2*w = -2. Let z(q) = -q**2 - 7*q + 3. What is the tens digit of z(v)?
1
Let s(o) = -o**3 + 11*o**2 - 5*o - 14. Let x = 23 - 13. Let k be s(x). Let u = k + -23. What is the tens digit of u?
1
What is the units digit of 145/3 - 18/(-27)?
9
Let j(k) = -2*k - 1. Let i(y) = y**3 - 8*y**2 - y + 7. Suppose r + 8 = 2*r. Let a be i(r). What is the units digit of j(a)?
1
Let a = 100 - 49. What is the tens digit of a?
5
Let k = -6 + 1. Let h = k - -8. Suppose j + 5*a - 6 = -j, -h = -j - 5*a. What is the units digit of j?
3
Suppose 2*l - s - 150 = 0, 3*s = l + 3*l - 302. What is the tens digit of l?
7
Suppose 6 = 5*f - 3*f. Suppose 3*d + 30 = i, 4*i - 84 = -0*d + f*d. What is the tens digit of i?
1
Let p = -6 - -1. Suppose n + 3 + 2 = -4*m, m + 80 = 5*n. Let f = p + n. What is the tens digit of f?
1
Let v(f) = -f + 6. Let h be v(6). Let p = h - -3. What is the units digit of p?
3
Let d(n) be the second derivative of 2*n**4/3 + n**3/6 + n**2/2 + 7*n. What is the tens digit of d(-2)?
3
Let d = 56 + -16. What is the tens digit of d?
4
Suppose -5*t = 2*o + 23, -7*t - 16 = o - 3*t. Let a = o + 6. Suppose -3*v - a*v + 60 = 0. What is the tens digit of v?
1
What is the tens digit of 45/36*-4*(-1 - 20)?
0
Suppose 2*k - 12 = 2*n, 3*k + 6 = 4*n + 5*k. Let q = n - 2. What is the units digit of q*(-1)/6*2?
1
Suppose 2*k + 0 = 2*i + 14, -5*k = 2*i - 14. Let b = -118 + 188. Suppose 2*q - 24 = -k*d, -d = 5*q + 4*d - b. What is the units digit of q?
6
Suppose 2*h - 174 = -h. What is the units digit of h?
8
Let x = 774 - 411. What is the hundreds digit of x?
3
Let t be 5/3 - (-6)/18. Suppose t*c = 3*c + 5*x + 12, 0 = -2*c - 2*x + 16. What is the units digit of c?
3
Let h(x) = -x**2 - 5*x - 6. Let n be h(-5). What is the units digit of 2/n - 19/(-3)?
6
What is the units digit of (-178)/(-8) + (-6)/(-8)?
3
Let o be 2*1 + 34/(-2). Let z = -5 - o. What is the units digit of z?
0
Let b(o) = -o**2 + 5*o - 1. Let g be b(6). Let v = -3 - g. What is the units digit of v?
4
Let u(c) = -158*c - 3. What is the tens digit of u(-1)?
5
Let g(s) = -s**2 - 5*s - 2. Let p be g(-4). Suppose p*y = 5*y - 15. Suppose 4*l + t - y*t - 16 = 0, 56 = 5*l + 4*t. What is the units digit of l?
8
Let k(d) = -d**2 - 8*d + 5. Let x = 4 + 3. Let b = x - 15. What is the units digit of k(b)?
5
Let k be ((-2)/(-3) + 0)*3. Let v = 43 + -29. Suppose -v = -c + k. What is the units digit of c?
6
Let y(j) = j**3 + 7*j**2 + 5*j + 8. Suppose 0 = 5*d - 0*d - 10. Suppose -p = 4 + d. What is the tens digit of y(p)?
1
Suppose -18*r - 980 = -25*r. What is the tens digit of r?
4
Let u(d) = -10 + 3*d**2 - 2*d**2 - 3 + 2*d + 2. What is the tens digit of u(-8)?
3
Let x = 6 - -2. Let g = x + -5. Suppose 5*u - g - 14 = 4*v, -5*v = -2*u. What is the units digit of v?
2
Let t = 4 - 7. What is the units digit of (-5)/(-1) - t - -2?
0
Let v(i) = i**3 - 11*i**2 + 12*i - 14. Let x be v(10). Let h be 10 + (-2)/x*-3. Suppose 5*s + c + 2 = h, -5*s + 1 = -c. What is the units digit of s?
1
Let k = -11 + -31. What is the units digit of k/(-10) - (-6)/(-30)?
4
Suppose 0 = 20*a - 26*a + 960. What is the tens digit of a?
6
Let x = -1 + 3. Let i = 3 - 0. Suppose 2*a = i*a - x. What is the units digit of a?
2
Let r be (3 - (-1 - -87)) + 0. Let h = r + 121. What is the tens digit of h?
3
What is the tens digit of ((-3)/9)/(2/(-198))?
3
Let a(i) = -4*i**3 - i**2 + 3*i + 3. Let z(j) = -j - 10. Let u be z(-8). What is the units digit of a(u)?
5
Let k(m) = 14*m - 5. Let q(u) = -5*u + 2. Let i(w) = 6*k(w) + 17*q(w). Let r = 2 + 0. What is the units digit of i(r)?
2
Let k(c) = c + 3. Let l be -6*4/(-18)*-15. Let y be l/(4/(-2)) - 2. What is the units digit of k(y)?
1
Let d be -2*2/8*-30. Suppose 2*v = -v + d. What is the units digit of v?
5
Let m(d) = -d**3 + 5*d**2 - 3*d - 1. Let i be m(4). Let a be 2 + -5 - (-5 + i). Let c(q) = 14*q**2 + q + 1. What is the tens digit of c(a)?
1
Let t(i) = -2*i + 6. Let w be t(6). What is the units digit of ((1 + 1)*w)/(-1)?
2
Let a = -128 + 504. What is the units digit of a?
6
Suppose -2*m - 122 = 4. What is the units digit of (-77)/m + 2/(-9)?
1
Suppose -m - m + 4 = 0. Suppose -3*s + 4*f + 28 = m*s, 0 = -4*s - 5*f + 47. Let b = s - 0. What is the units digit of b?
8
What is the units digit of 355/3 - 12/(-18)?
9
Let q(r) = -10*r + 1. What is the tens digit of q(-1)?
1
Suppose 0 = -w + 5*w. Suppose -4*v + 44 = -w*v. What is the tens digit of v?
1
Suppose -5*t + 112 = -t. What is the units digit of t?
8
Suppose -2*j + 4*o + 9 = 93, j + 4*o = -60. What is the tens digit of (j/9)/((-3)/9)?
1
Suppose 4*k = -3*t + k + 3, -15 = t + 5*k. Suppose 7*p = 2*p + 2*m + 44, -p - 2 = t*m. What is the units digit of p?
8
Let d be 6*((-15)/(-2))/3. Let f be -3*d/(-9) + 1. What is the units digit of ((-36)/8)/(f/(-8))?
6
Let t be ((-4)/6)/(6/18). Let h be (2 + 6)/(t/(-11)). Suppose 5*y - y = h. What is the tens digit of y?
1
Let r = -7 + 12. Suppose i - 2 = -g, 3*g + 1 = -2*i + r. What is the units digit of i?
2
Let j(w) = -w**3 + 6*w**2 - w - 4. Let b be j(3). Let l(s) = s**3 - 7*s**2 + 3. Let k be l(7). Suppose k*n - 5*n = -b. What is the tens digit of n?
1
Suppose -14 = -5*m + 2*u + 1, 0 = -3*m + u + 10. Suppose -m*p - 31 = -2*j, -4*j - 3 = 2*p + p. Let o = -1 + j. What is the units digit of o?
2
What is the units digit of (29 + -32)*94*1/(-3)?
4
Suppose -10*k + 256 = -8*k. What is the units digit of k?
8
Let h(z) be the first derivative of z**3/3 + 2*z**2 + 2*z - 7. What is the tens digit of h(5)?
4
Suppose -4*k = -0*r - 5*r - 63, 3*k = -3*r + 27. Suppose 0 = -4*i + k, 2*q - i + 14 - 53 = 0. What is the units digit of q?
1
Let i = -7 - -3. What is the tens digit of ((-78)/i)/((-4)/(-8))?
3
Let b = -8 + 14. What is the units digit of b?
6
Let h(o) = -2*o. Let m be h(6). Let b = 4 - m. What is the units digit of b?
6
Let b(t) = -t**2 + 5*t - 3. Suppose 16 = 2*f + 4. Let j be b(f). Let q(n) = n**2 + 7*n - 4. What is the units digit of q(j)?
4
Let y = 31 + -14. What is the tens digit of y?
1
Let i(s) = -s**3 - 13*s**2 - 20*s + 1. What is the units digit of i(-12)?
7
Suppose l + 20 = 3*k, 5*l = 5*k - 3*k - 35. Let i = -18 + 15. Let m = i + k. What is the units digit of m?
2
Let p be 40/(-50)*5/(-2). Suppose -x + 17 = -p*w + 3, 58 = 2*x + 2*w. What is the tens digit of x?
2
Let i = -5 - -5. Let h(w) = w**2 + w + 3. What is the units digit of h(i)?
3
What is the units digit of 2 + (11 + -3)/4?
4
Let m = -27 - -128. What is the units digit of m?
1
Suppose 0 = -5*x - 2*g + 92, 84 = 5*x - 3*g + 7*g. Suppose -4*s + 9*s = x. Suppose -s*p + j + 15 = p, p - 3*j = -11. What is the units digit of p?
4
Let z = -1 + 6. Let x = z - -15. What is the tens digit of x?
2
Let t = -32 - -14. Let y = 53 + t. What is the tens digit of y?
3
Let v(s) = -6*s + 5. What is the units digit of v(-6)?
1
Let k(j) = -2*j + 8. Let p be k(-8). Suppose b + p + 51 = 0. What is the units digit of ((-12)/(-15))/((-6)/b)?
0
Let y(p) = p**3 - 3*p**2 - 4*p. Let q be y(-3). Let x = -25 - q. What is the units digit of x?
7
What is the hundreds digit of (-126)/(-96)*124 - 1/(-4)?
1
Suppose -5*h + 2*i = -238, 2*i + 3 = -5. What is the tens digit of h?
4
What is the tens digit of 25/15*(-2)/(-10)*951?
1
Let j(w) = -1 - 1 + w - 6. Let k be j(7). What is the units digit of (2 - k)/((-1)/(-1))?
3
Let d(u) = 3*u - 2. Let y be d(2). Suppose -2 = -2*q - 2*o + 2, 0 = -q + y*o - 18. What is the units digit of ((-8)/5)/(q/10)?
8
Suppose -4*o + 0*o - 48 = 0. Let b(t) = t + 7. Let n be b(-16). What is the units digit of (1 + 15/n)*o?
8
Suppose 0 = 4*w - w - 12, -2*o - 5*w + 28 = 0. Suppose 53 = 3*c - 5*l - 91, o*l = 4*c - 192. Suppose c = j + 3*j. What is the tens digit of j?
1
What is the units digit of 2/(-8) - 37/(-4)?
9
Let m be 1/(-2) - (-22)/(-4). Let u(x) = -5 - 5*x**2 + 9*x**2 + x**3 + 5*x + 3*x**2. What is the units digit of u(m)?
1
Let f be (2/(-8))/((-2)/56). Let i(x) = 3*x + 9. What is the tens digit of i(f)?
3
Suppose x + 4*y - 440 = 0, 7*y - 1720 = -4*x + 11*y. What is the units digit of x?
2
Let u(d) = d**2 - 6*d + 1. Let a be u(9). Suppose t = a + 27. What is the ten